{"id":917,"date":"2017-01-18T22:00:50","date_gmt":"2017-01-18T22:00:50","guid":{"rendered":"http:\/\/import.getbowtied.com\/shopkeeper-replica\/product\/cutout-cashmere-wool-and-silk-blend-sweater\/"},"modified":"2024-01-05T17:41:05","modified_gmt":"2024-01-05T16:41:05","slug":"cutout-cashmere-wool-and-silk-blend-sweater","status":"publish","type":"product","link":"https:\/\/dessinemoiunvelo.com\/index.php\/produit\/cutout-cashmere-wool-and-silk-blend-sweater\/","title":{"rendered":"Motob\u00e9cane mx100 1984"},"content":{"rendered":"<p>Jantes rayons bleus anodis\u00e9s 20 pouces<br \/>\nPoign\u00e9es bleues<br \/>\nP\u00e9dalier monobloc A\u00e9ro<br \/>\nProt\u00e8ge cadre Motob\u00e9cane<br \/>\nPotence Dural 4 points<br \/>\nLeviers de\u00a0 freins Dural<br \/>\nEtriers de freins Weinmann<br \/>\nSelle viscount bleue<\/p>\n","protected":false},"excerpt":{"rendered":"<div data-pm-slice=\"1 1 []\" data-en-clipboard=\"true\">Bmx Motob\u00e9cane cadre mx 100 1984 : Origine Cycles Vandenabelle Carvin (59). Un des derniers mod\u00e8les sign\u00e9 motob\u00e9cane avant la transition MBK. Selle bleue A\u00e9ro Viscount \u00ab\u00a0from Chicago\u00a0\u00bb pour la petite touche finale.<\/div>\n","protected":false},"featured_media":6849,"comment_status":"open","ping_status":"closed","template":"","meta":[],"product_brand":[],"product_cat":[75],"product_tag":[],"class_list":{"0":"post-917","1":"product","2":"type-product","3":"status-publish","4":"has-post-thumbnail","6":"product_cat-bmx","8":"first","9":"outofstock","10":"featured","11":"taxable","12":"shipping-taxable","13":"purchasable","14":"product-type-simple"},"_links":{"self":[{"href":"https:\/\/dessinemoiunvelo.com\/index.php\/wp-json\/wp\/v2\/product\/917","targetHints":{"allow":["GET"]}}],"collection":[{"href":"https:\/\/dessinemoiunvelo.com\/index.php\/wp-json\/wp\/v2\/product"}],"about":[{"href":"https:\/\/dessinemoiunvelo.com\/index.php\/wp-json\/wp\/v2\/types\/product"}],"replies":[{"embeddable":true,"href":"https:\/\/dessinemoiunvelo.com\/index.php\/wp-json\/wp\/v2\/comments?post=917"}],"wp:featuredmedia":[{"embeddable":true,"href":"https:\/\/dessinemoiunvelo.com\/index.php\/wp-json\/wp\/v2\/media\/6849"}],"wp:attachment":[{"href":"https:\/\/dessinemoiunvelo.com\/index.php\/wp-json\/wp\/v2\/media?parent=917"}],"wp:term":[{"taxonomy":"product_brand","embeddable":true,"href":"https:\/\/dessinemoiunvelo.com\/index.php\/wp-json\/wp\/v2\/product_brand?post=917"},{"taxonomy":"product_cat","embeddable":true,"href":"https:\/\/dessinemoiunvelo.com\/index.php\/wp-json\/wp\/v2\/product_cat?post=917"},{"taxonomy":"product_tag","embeddable":true,"href":"https:\/\/dessinemoiunvelo.com\/index.php\/wp-json\/wp\/v2\/product_tag?post=917"}],"curies":[{"name":"wp","href":"https:\/\/api.w.org\/{rel}","templated":true}]}}