{"id":7568,"date":"2026-03-27T22:04:21","date_gmt":"2026-03-27T21:04:21","guid":{"rendered":"https:\/\/dessinemoiunvelo.com\/?post_type=product&#038;p=7568"},"modified":"2026-03-27T22:04:21","modified_gmt":"2026-03-27T21:04:21","slug":"motobecane-white-cross-1984","status":"publish","type":"product","link":"https:\/\/dessinemoiunvelo.com\/index.php\/produit\/motobecane-white-cross-1984\/","title":{"rendered":"Motob\u00e9cane White Cross 1984"},"content":{"rendered":"<p>Plateforme amovible type Skyway, Rotor MBK Hurricane, Potence MBK Freestyle, repose-pieds arri\u00e8re type GT, Guidon\u00a0 double barre, poign\u00e9es Ame&#8230;<\/p>\n","protected":false},"excerpt":{"rendered":"<p>Bmx freestyle premi\u00e8re g\u00e9n\u00e9ration. Quand les cadres iconiques made in California n&rsquo;\u00e9taient pas encore tr\u00e8s accessibles. Enti\u00e8rement mont\u00e9 avec les composants disponibles dans le r\u00e9seau Mbk de l&rsquo;\u00e9poque.<\/p>\n","protected":false},"featured_media":7569,"comment_status":"open","ping_status":"closed","template":"","meta":[],"product_brand":[],"product_cat":[75],"product_tag":[],"class_list":{"0":"post-7568","1":"product","2":"type-product","3":"status-publish","4":"has-post-thumbnail","6":"product_cat-bmx","8":"first","9":"outofstock","10":"taxable","11":"shipping-taxable","12":"product-type-simple"},"_links":{"self":[{"href":"https:\/\/dessinemoiunvelo.com\/index.php\/wp-json\/wp\/v2\/product\/7568","targetHints":{"allow":["GET"]}}],"collection":[{"href":"https:\/\/dessinemoiunvelo.com\/index.php\/wp-json\/wp\/v2\/product"}],"about":[{"href":"https:\/\/dessinemoiunvelo.com\/index.php\/wp-json\/wp\/v2\/types\/product"}],"replies":[{"embeddable":true,"href":"https:\/\/dessinemoiunvelo.com\/index.php\/wp-json\/wp\/v2\/comments?post=7568"}],"wp:featuredmedia":[{"embeddable":true,"href":"https:\/\/dessinemoiunvelo.com\/index.php\/wp-json\/wp\/v2\/media\/7569"}],"wp:attachment":[{"href":"https:\/\/dessinemoiunvelo.com\/index.php\/wp-json\/wp\/v2\/media?parent=7568"}],"wp:term":[{"taxonomy":"product_brand","embeddable":true,"href":"https:\/\/dessinemoiunvelo.com\/index.php\/wp-json\/wp\/v2\/product_brand?post=7568"},{"taxonomy":"product_cat","embeddable":true,"href":"https:\/\/dessinemoiunvelo.com\/index.php\/wp-json\/wp\/v2\/product_cat?post=7568"},{"taxonomy":"product_tag","embeddable":true,"href":"https:\/\/dessinemoiunvelo.com\/index.php\/wp-json\/wp\/v2\/product_tag?post=7568"}],"curies":[{"name":"wp","href":"https:\/\/api.w.org\/{rel}","templated":true}]}}