{"id":7500,"date":"2026-02-01T16:24:07","date_gmt":"2026-02-01T15:24:07","guid":{"rendered":"https:\/\/dessinemoiunvelo.com\/?post_type=product&#038;p=7500"},"modified":"2026-02-18T00:31:17","modified_gmt":"2026-02-17T23:31:17","slug":"gitane-fun-1986","status":"publish","type":"product","link":"https:\/\/dessinemoiunvelo.com\/index.php\/produit\/gitane-fun-1986\/","title":{"rendered":"Gitane Fun 1986"},"content":{"rendered":"<p>Cadre tube acier 102<\/p>\n<p>Jantes batons Star-X<\/p>\n<p>Potence ITM<\/p>\n","protected":false},"excerpt":{"rendered":"<p>\u00ab\u00a0Un muscl\u00e9 pour futurs Zorro\u201d comme le revendique la publicit\u00e9. Libert\u00e9 et aventure au programme. De muscl\u00e9 il reste certainement le glorieux pass\u00e9 sportif de la marque encore r\u00e9cent en 86. Dans son ADN on retrouve le style et l&rsquo;\u00e9quipement caract\u00e9ristique des bmx de l\u2019\u00e9poque.<\/p>\n","protected":false},"featured_media":7505,"comment_status":"open","ping_status":"closed","template":"","meta":[],"product_brand":[],"product_cat":[75],"product_tag":[],"class_list":{"0":"post-7500","1":"product","2":"type-product","3":"status-publish","4":"has-post-thumbnail","6":"product_cat-bmx","8":"first","9":"outofstock","10":"taxable","11":"shipping-taxable","12":"product-type-simple"},"_links":{"self":[{"href":"https:\/\/dessinemoiunvelo.com\/index.php\/wp-json\/wp\/v2\/product\/7500","targetHints":{"allow":["GET"]}}],"collection":[{"href":"https:\/\/dessinemoiunvelo.com\/index.php\/wp-json\/wp\/v2\/product"}],"about":[{"href":"https:\/\/dessinemoiunvelo.com\/index.php\/wp-json\/wp\/v2\/types\/product"}],"replies":[{"embeddable":true,"href":"https:\/\/dessinemoiunvelo.com\/index.php\/wp-json\/wp\/v2\/comments?post=7500"}],"wp:featuredmedia":[{"embeddable":true,"href":"https:\/\/dessinemoiunvelo.com\/index.php\/wp-json\/wp\/v2\/media\/7505"}],"wp:attachment":[{"href":"https:\/\/dessinemoiunvelo.com\/index.php\/wp-json\/wp\/v2\/media?parent=7500"}],"wp:term":[{"taxonomy":"product_brand","embeddable":true,"href":"https:\/\/dessinemoiunvelo.com\/index.php\/wp-json\/wp\/v2\/product_brand?post=7500"},{"taxonomy":"product_cat","embeddable":true,"href":"https:\/\/dessinemoiunvelo.com\/index.php\/wp-json\/wp\/v2\/product_cat?post=7500"},{"taxonomy":"product_tag","embeddable":true,"href":"https:\/\/dessinemoiunvelo.com\/index.php\/wp-json\/wp\/v2\/product_tag?post=7500"}],"curies":[{"name":"wp","href":"https:\/\/api.w.org\/{rel}","templated":true}]}}