{"id":7442,"date":"2025-04-06T17:07:33","date_gmt":"2025-04-06T15:07:33","guid":{"rendered":"https:\/\/dessinemoiunvelo.com\/?post_type=product&#038;p=7442"},"modified":"2025-04-06T17:08:48","modified_gmt":"2025-04-06T15:08:48","slug":"minerva-pro-performer-tribute-80s","status":"publish","type":"product","link":"https:\/\/dessinemoiunvelo.com\/index.php\/produit\/minerva-pro-performer-tribute-80s\/","title":{"rendered":"Minerva Pro Performer Tribute 80s"},"content":{"rendered":"<p>20 pouces, jantes Alex moyeux GT Mohawk, P\u00e9dalier style cheese gratter, Freins weinmann, Tige de selle coud\u00e9e,Leviers type tech IV, Cales pieds repliables, pneus type comp III lavande, Poign\u00e9es type Mushroom&#8230;<\/p>\n<p>&nbsp;<\/p>\n","protected":false},"excerpt":{"rendered":"<p>Replica avec un combo mauve et blanc de l&rsquo;iconique mod\u00e8le GT Pro Performer. Ce cadre a inspir\u00e9 toutes les marques et distributeurs de l&rsquo;\u00e9poque : V2000, Lapierre, Minerva, Sunn&#8230; Tous ont sorti un mod\u00e8le similaire plus ou moins bien \u00e9quip\u00e9.<\/p>\n","protected":false},"featured_media":7409,"comment_status":"open","ping_status":"closed","template":"","meta":[],"product_brand":[],"product_cat":[75],"product_tag":[],"class_list":{"0":"post-7442","1":"product","2":"type-product","3":"status-publish","4":"has-post-thumbnail","6":"product_cat-bmx","8":"first","9":"outofstock","10":"taxable","11":"shipping-taxable","12":"product-type-simple"},"_links":{"self":[{"href":"https:\/\/dessinemoiunvelo.com\/index.php\/wp-json\/wp\/v2\/product\/7442","targetHints":{"allow":["GET"]}}],"collection":[{"href":"https:\/\/dessinemoiunvelo.com\/index.php\/wp-json\/wp\/v2\/product"}],"about":[{"href":"https:\/\/dessinemoiunvelo.com\/index.php\/wp-json\/wp\/v2\/types\/product"}],"replies":[{"embeddable":true,"href":"https:\/\/dessinemoiunvelo.com\/index.php\/wp-json\/wp\/v2\/comments?post=7442"}],"wp:featuredmedia":[{"embeddable":true,"href":"https:\/\/dessinemoiunvelo.com\/index.php\/wp-json\/wp\/v2\/media\/7409"}],"wp:attachment":[{"href":"https:\/\/dessinemoiunvelo.com\/index.php\/wp-json\/wp\/v2\/media?parent=7442"}],"wp:term":[{"taxonomy":"product_brand","embeddable":true,"href":"https:\/\/dessinemoiunvelo.com\/index.php\/wp-json\/wp\/v2\/product_brand?post=7442"},{"taxonomy":"product_cat","embeddable":true,"href":"https:\/\/dessinemoiunvelo.com\/index.php\/wp-json\/wp\/v2\/product_cat?post=7442"},{"taxonomy":"product_tag","embeddable":true,"href":"https:\/\/dessinemoiunvelo.com\/index.php\/wp-json\/wp\/v2\/product_tag?post=7442"}],"curies":[{"name":"wp","href":"https:\/\/api.w.org\/{rel}","templated":true}]}}