{"id":7359,"date":"2025-04-06T10:16:53","date_gmt":"2025-04-06T08:16:53","guid":{"rendered":"https:\/\/dessinemoiunvelo.com\/?post_type=product&#038;p=7359"},"modified":"2025-04-06T10:25:23","modified_gmt":"2025-04-06T08:25:23","slug":"motobecane-bx20-1982","status":"publish","type":"product","link":"https:\/\/dessinemoiunvelo.com\/index.php\/produit\/motobecane-bx20-1982\/","title":{"rendered":"Motob\u00e9cane Bx20 1983"},"content":{"rendered":"<p>Cadre acier, Roues \u00e0 b\u00e2tons 5 branches, pneus blancs flancs beige type comp III<\/p>\n","protected":false},"excerpt":{"rendered":"<p>Entr\u00e9e de gamme chez Motob\u00e9cane, la configuration de cet exemplaire n&rsquo;est pas d&rsquo;origine. On pourrait le confondre avec le Mx152 au niveau du renfort de cadre mais on distingue sa vocation avec la patte de fixation pour b\u00e9quille.\u00a0<!--more--><!--more--><\/p>\n","protected":false},"featured_media":7331,"comment_status":"open","ping_status":"closed","template":"","meta":[],"product_brand":[],"product_cat":[75],"product_tag":[],"class_list":{"0":"post-7359","1":"product","2":"type-product","3":"status-publish","4":"has-post-thumbnail","6":"product_cat-bmx","8":"first","9":"outofstock","10":"taxable","11":"shipping-taxable","12":"product-type-simple"},"_links":{"self":[{"href":"https:\/\/dessinemoiunvelo.com\/index.php\/wp-json\/wp\/v2\/product\/7359","targetHints":{"allow":["GET"]}}],"collection":[{"href":"https:\/\/dessinemoiunvelo.com\/index.php\/wp-json\/wp\/v2\/product"}],"about":[{"href":"https:\/\/dessinemoiunvelo.com\/index.php\/wp-json\/wp\/v2\/types\/product"}],"replies":[{"embeddable":true,"href":"https:\/\/dessinemoiunvelo.com\/index.php\/wp-json\/wp\/v2\/comments?post=7359"}],"wp:featuredmedia":[{"embeddable":true,"href":"https:\/\/dessinemoiunvelo.com\/index.php\/wp-json\/wp\/v2\/media\/7331"}],"wp:attachment":[{"href":"https:\/\/dessinemoiunvelo.com\/index.php\/wp-json\/wp\/v2\/media?parent=7359"}],"wp:term":[{"taxonomy":"product_brand","embeddable":true,"href":"https:\/\/dessinemoiunvelo.com\/index.php\/wp-json\/wp\/v2\/product_brand?post=7359"},{"taxonomy":"product_cat","embeddable":true,"href":"https:\/\/dessinemoiunvelo.com\/index.php\/wp-json\/wp\/v2\/product_cat?post=7359"},{"taxonomy":"product_tag","embeddable":true,"href":"https:\/\/dessinemoiunvelo.com\/index.php\/wp-json\/wp\/v2\/product_tag?post=7359"}],"curies":[{"name":"wp","href":"https:\/\/api.w.org\/{rel}","templated":true}]}}