{"id":7215,"date":"2023-12-26T16:17:40","date_gmt":"2023-12-26T15:17:40","guid":{"rendered":"https:\/\/dessinemoiunvelo.com\/?post_type=product&#038;p=7215"},"modified":"2026-02-01T16:55:57","modified_gmt":"2026-02-01T15:55:57","slug":"mbk-cherry-picker-1986","status":"publish","type":"product","link":"https:\/\/dessinemoiunvelo.com\/index.php\/produit\/mbk-cherry-picker-1986\/","title":{"rendered":"MBK Cherry Picker 1986"},"content":{"rendered":"<ol>\n<li>\u00c9quipement d&rsquo;origine :<\/li>\n<\/ol>\n<div>Cadre mx130 F vert fluo,<br \/>\nFourche a\u00e9ro Profil 3 repose-pieds int\u00e9gr\u00e9s,<br \/>\nRoues b\u00e2tons star-x blanches 20 pouces,<br \/>\nGuidon freestyle,<br \/>\nP\u00e9dalier monobloc plateau blanc 42 dents,<br \/>\nPotence ITM dural avec passage de c\u00e2ble avant,<\/div>\n<div>Etriers freins weinmann dural,<br \/>\npoign\u00e9es casanno&#8230;<\/div>\n<div><\/div>\n<div><\/div>\n<div><\/div>\n","protected":false},"excerpt":{"rendered":"<div>Mbk Cherry Picker de 1986. Mod\u00e8le freestyle entr\u00e9e de gamme \u00e0 c\u00f4t\u00e9 du Mbk Freestyler ou Bercy Master \u00e0 la m\u00eame \u00e9poque.<br \/>\nEncore une \u00e9ni\u00e8me d\u00e9clinaison de ce cadre mx100 revisit\u00e9.<\/div>\n","protected":false},"featured_media":7216,"comment_status":"open","ping_status":"closed","template":"","meta":[],"product_brand":[],"product_cat":[75],"product_tag":[],"class_list":{"0":"post-7215","1":"product","2":"type-product","3":"status-publish","4":"has-post-thumbnail","6":"product_cat-bmx","8":"first","9":"outofstock","10":"taxable","11":"shipping-taxable","12":"product-type-simple"},"_links":{"self":[{"href":"https:\/\/dessinemoiunvelo.com\/index.php\/wp-json\/wp\/v2\/product\/7215","targetHints":{"allow":["GET"]}}],"collection":[{"href":"https:\/\/dessinemoiunvelo.com\/index.php\/wp-json\/wp\/v2\/product"}],"about":[{"href":"https:\/\/dessinemoiunvelo.com\/index.php\/wp-json\/wp\/v2\/types\/product"}],"replies":[{"embeddable":true,"href":"https:\/\/dessinemoiunvelo.com\/index.php\/wp-json\/wp\/v2\/comments?post=7215"}],"wp:featuredmedia":[{"embeddable":true,"href":"https:\/\/dessinemoiunvelo.com\/index.php\/wp-json\/wp\/v2\/media\/7216"}],"wp:attachment":[{"href":"https:\/\/dessinemoiunvelo.com\/index.php\/wp-json\/wp\/v2\/media?parent=7215"}],"wp:term":[{"taxonomy":"product_brand","embeddable":true,"href":"https:\/\/dessinemoiunvelo.com\/index.php\/wp-json\/wp\/v2\/product_brand?post=7215"},{"taxonomy":"product_cat","embeddable":true,"href":"https:\/\/dessinemoiunvelo.com\/index.php\/wp-json\/wp\/v2\/product_cat?post=7215"},{"taxonomy":"product_tag","embeddable":true,"href":"https:\/\/dessinemoiunvelo.com\/index.php\/wp-json\/wp\/v2\/product_tag?post=7215"}],"curies":[{"name":"wp","href":"https:\/\/api.w.org\/{rel}","templated":true}]}}