{"id":7182,"date":"2023-12-26T15:47:15","date_gmt":"2023-12-26T14:47:15","guid":{"rendered":"https:\/\/dessinemoiunvelo.com\/?post_type=product&#038;p=7182"},"modified":"2026-02-01T21:09:10","modified_gmt":"2026-02-01T20:09:10","slug":"diamond-back-rs-1991","status":"publish","type":"product","link":"https:\/\/dessinemoiunvelo.com\/index.php\/produit\/diamond-back-rs-1991\/","title":{"rendered":"Diamond Back RS 1991"},"content":{"rendered":"<p>Cadre DIAMOND BACK RS 1991 vert \u00e9meraude nacr\u00e9,<br \/>\nFourche suspendu diamondback system,<br \/>\n7 vitesses,<br \/>\nP\u00e9dalier et transmission Shimano,<br \/>\nJdd Tioga, guidon riser,<br \/>\nPoign\u00e9es kungfu,<br \/>\nPneus cruiser marron,<br \/>\nJantes aluminium.rigida\/sachs,<br \/>\nPlateforme avant&#8230;<\/p>\n","protected":false},"excerpt":{"rendered":"<p>V\u00e9lo polyvalent pour usage urbain et utilitaire.<br \/>\nDiamond Back est une marque US qui d\u00e9veloppe des VTT depuis les ann\u00e9es 90 avec l&rsquo;ADN bmx qui ont fait son succ\u00e8s. C&rsquo;est donc un des premiers mod\u00e8les sur ce segment..<br \/>\nPour eux, un VTT est une sorte de BMX en plus grand et \u00e9quip\u00e9 de d\u00e9railleurs. Un jouet taill\u00e9 pour sauter, d\u00e9raper, glisser qui va plus loin et plus haut.<br \/>\nSon porte paquet \u00e0 l&rsquo;avant lui conf\u00e8re un look cargo.<\/p>\n<p>&nbsp;<\/p>\n","protected":false},"featured_media":7183,"comment_status":"open","ping_status":"closed","template":"","meta":[],"product_brand":[],"product_cat":[78],"product_tag":[],"class_list":{"0":"post-7182","1":"product","2":"type-product","3":"status-publish","4":"has-post-thumbnail","6":"product_cat-vtt","8":"first","9":"outofstock","10":"taxable","11":"shipping-taxable","12":"product-type-simple"},"_links":{"self":[{"href":"https:\/\/dessinemoiunvelo.com\/index.php\/wp-json\/wp\/v2\/product\/7182","targetHints":{"allow":["GET"]}}],"collection":[{"href":"https:\/\/dessinemoiunvelo.com\/index.php\/wp-json\/wp\/v2\/product"}],"about":[{"href":"https:\/\/dessinemoiunvelo.com\/index.php\/wp-json\/wp\/v2\/types\/product"}],"replies":[{"embeddable":true,"href":"https:\/\/dessinemoiunvelo.com\/index.php\/wp-json\/wp\/v2\/comments?post=7182"}],"wp:featuredmedia":[{"embeddable":true,"href":"https:\/\/dessinemoiunvelo.com\/index.php\/wp-json\/wp\/v2\/media\/7183"}],"wp:attachment":[{"href":"https:\/\/dessinemoiunvelo.com\/index.php\/wp-json\/wp\/v2\/media?parent=7182"}],"wp:term":[{"taxonomy":"product_brand","embeddable":true,"href":"https:\/\/dessinemoiunvelo.com\/index.php\/wp-json\/wp\/v2\/product_brand?post=7182"},{"taxonomy":"product_cat","embeddable":true,"href":"https:\/\/dessinemoiunvelo.com\/index.php\/wp-json\/wp\/v2\/product_cat?post=7182"},{"taxonomy":"product_tag","embeddable":true,"href":"https:\/\/dessinemoiunvelo.com\/index.php\/wp-json\/wp\/v2\/product_tag?post=7182"}],"curies":[{"name":"wp","href":"https:\/\/api.w.org\/{rel}","templated":true}]}}