{"id":7164,"date":"2023-12-26T15:25:51","date_gmt":"2023-12-26T14:25:51","guid":{"rendered":"https:\/\/dessinemoiunvelo.com\/?post_type=product&#038;p=7164"},"modified":"2026-02-01T21:02:33","modified_gmt":"2026-02-01T20:02:33","slug":"gt-performer-1998","status":"publish","type":"product","link":"https:\/\/dessinemoiunvelo.com\/index.php\/produit\/gt-performer-1998\/","title":{"rendered":"GT Performer 1998"},"content":{"rendered":"<div data-pm-slice=\"1 1 []\" data-en-clipboard=\"true\">Cadre chromoly GT Performer 98,<\/div>\n<div>Fourche cr-mo GT Pacman,<\/div>\n<div>Potence alu GT piston,<\/div>\n<div>Guidon GT 4 tubes cr-mo,<\/div>\n<div>Tige kalin cr-mo,<\/div>\n<div>P\u00c9DALES GT,<\/div>\n<div>Selle GT viscount,<\/div>\n<div>Collier de selle GT,<\/div>\n<div>P\u00e9dalier GT monobloc compact disc 44 dents,<\/div>\n<div>Jantes Alu rayons,<\/div>\n<div>Pegs avant et arri\u00e8re,<\/div>\n<div>Gyro odyssey evo2,<\/div>\n<div>Freins u-brake tektro<\/div>\n","protected":false},"excerpt":{"rendered":"<p>Peut-\u00eatre le moins aim\u00e9 des performers mais dans cette version full chrome il en jete malgr\u00e9 tout non ?<\/p>\n","protected":false},"featured_media":7165,"comment_status":"open","ping_status":"closed","template":"","meta":[],"product_brand":[],"product_cat":[75],"product_tag":[],"class_list":{"0":"post-7164","1":"product","2":"type-product","3":"status-publish","4":"has-post-thumbnail","6":"product_cat-bmx","8":"first","9":"outofstock","10":"taxable","11":"shipping-taxable","12":"product-type-simple"},"_links":{"self":[{"href":"https:\/\/dessinemoiunvelo.com\/index.php\/wp-json\/wp\/v2\/product\/7164","targetHints":{"allow":["GET"]}}],"collection":[{"href":"https:\/\/dessinemoiunvelo.com\/index.php\/wp-json\/wp\/v2\/product"}],"about":[{"href":"https:\/\/dessinemoiunvelo.com\/index.php\/wp-json\/wp\/v2\/types\/product"}],"replies":[{"embeddable":true,"href":"https:\/\/dessinemoiunvelo.com\/index.php\/wp-json\/wp\/v2\/comments?post=7164"}],"wp:featuredmedia":[{"embeddable":true,"href":"https:\/\/dessinemoiunvelo.com\/index.php\/wp-json\/wp\/v2\/media\/7165"}],"wp:attachment":[{"href":"https:\/\/dessinemoiunvelo.com\/index.php\/wp-json\/wp\/v2\/media?parent=7164"}],"wp:term":[{"taxonomy":"product_brand","embeddable":true,"href":"https:\/\/dessinemoiunvelo.com\/index.php\/wp-json\/wp\/v2\/product_brand?post=7164"},{"taxonomy":"product_cat","embeddable":true,"href":"https:\/\/dessinemoiunvelo.com\/index.php\/wp-json\/wp\/v2\/product_cat?post=7164"},{"taxonomy":"product_tag","embeddable":true,"href":"https:\/\/dessinemoiunvelo.com\/index.php\/wp-json\/wp\/v2\/product_tag?post=7164"}],"curies":[{"name":"wp","href":"https:\/\/api.w.org\/{rel}","templated":true}]}}