{"id":7020,"date":"2021-03-06T18:01:07","date_gmt":"2021-03-06T17:01:07","guid":{"rendered":"https:\/\/dessinemoiunvelo.com\/?post_type=product&#038;p=7020"},"modified":"2025-06-14T15:09:24","modified_gmt":"2025-06-14T13:09:24","slug":"peugeot-explorer-20-1995","status":"publish","type":"product","link":"https:\/\/dessinemoiunvelo.com\/index.php\/produit\/peugeot-explorer-20-1995\/","title":{"rendered":"Peugeot Explorer 1995"},"content":{"rendered":"<p>Cadre &amp; fourche Light Weight Brazing Technology, D\u00e9railleur avant shimano altus, D\u00e9railleur arri\u00e8re shimano altus, Roues 20 pouces aluminium Rigida, Moyeux Shimano Altus, p\u00e9dalier 3 plateaux shimano hyperdrive, Freins Cantilever Shimano, Leviers &amp; Shifters Shimano, Pneus mixte Hutchinson Python, Potence 4 points Itm, cintre type mx, selle simili cuir Royal<\/p>\n","protected":false},"excerpt":{"rendered":"<p>Origine Cycles 2000 B\u00e9thune (62). Vtt Explorer 20 \u00e9quip\u00e9 full shimano. Pour une pratique\u00a0 loisirs. Ce Peugeot vintage est habill\u00e9 d&rsquo;une belle peinture bicolore originale. Guidon cruiser et pneus mixtes pour barouder avec \u00e9l\u00e9gance.<\/p>\n","protected":false},"featured_media":7019,"comment_status":"open","ping_status":"closed","template":"","meta":[],"product_brand":[],"product_cat":[78],"product_tag":[],"class_list":{"0":"post-7020","1":"product","2":"type-product","3":"status-publish","4":"has-post-thumbnail","6":"product_cat-vtt","8":"first","9":"outofstock","10":"taxable","11":"shipping-taxable","12":"purchasable","13":"product-type-simple"},"_links":{"self":[{"href":"https:\/\/dessinemoiunvelo.com\/index.php\/wp-json\/wp\/v2\/product\/7020","targetHints":{"allow":["GET"]}}],"collection":[{"href":"https:\/\/dessinemoiunvelo.com\/index.php\/wp-json\/wp\/v2\/product"}],"about":[{"href":"https:\/\/dessinemoiunvelo.com\/index.php\/wp-json\/wp\/v2\/types\/product"}],"replies":[{"embeddable":true,"href":"https:\/\/dessinemoiunvelo.com\/index.php\/wp-json\/wp\/v2\/comments?post=7020"}],"wp:featuredmedia":[{"embeddable":true,"href":"https:\/\/dessinemoiunvelo.com\/index.php\/wp-json\/wp\/v2\/media\/7019"}],"wp:attachment":[{"href":"https:\/\/dessinemoiunvelo.com\/index.php\/wp-json\/wp\/v2\/media?parent=7020"}],"wp:term":[{"taxonomy":"product_brand","embeddable":true,"href":"https:\/\/dessinemoiunvelo.com\/index.php\/wp-json\/wp\/v2\/product_brand?post=7020"},{"taxonomy":"product_cat","embeddable":true,"href":"https:\/\/dessinemoiunvelo.com\/index.php\/wp-json\/wp\/v2\/product_cat?post=7020"},{"taxonomy":"product_tag","embeddable":true,"href":"https:\/\/dessinemoiunvelo.com\/index.php\/wp-json\/wp\/v2\/product_tag?post=7020"}],"curies":[{"name":"wp","href":"https:\/\/api.w.org\/{rel}","templated":true}]}}