{"id":6989,"date":"2020-12-12T20:18:03","date_gmt":"2020-12-12T19:18:03","guid":{"rendered":"https:\/\/dessinemoiunvelo.com\/?post_type=product&#038;p=6989"},"modified":"2025-04-06T16:17:40","modified_gmt":"2025-04-06T14:17:40","slug":"mx100-motobecane-custom","status":"publish","type":"product","link":"https:\/\/dessinemoiunvelo.com\/index.php\/produit\/mx100-motobecane-custom\/","title":{"rendered":"Mx100 Motob\u00e9cane 80&rsquo;s"},"content":{"rendered":"<div>P\u00e9dalier monobloc type power disc,<\/div>\n<div>Selle style Kashimax,<\/div>\n<div>Levier de frein AR weinmann,<\/div>\n<div>Etrier AR type mx1000,<\/div>\n<div>Pneus Naja Michelin,<\/div>\n<div>Potence Dural,<\/div>\n<div>Fourche Profil,<\/div>\n<div>Jantes \u00e0 b\u00e2tons Star-x 20 pouces,<\/div>\n<div>Poign\u00e9es Cassano,<\/div>\n<div>P\u00e9dales Union<\/div>\n","protected":false},"excerpt":{"rendered":"<p>Montage custom avec des pi\u00e8ces standards des ann\u00e9es 80. Les coloris gris et blanc donnent une touche r\u00e9tro originale et \u00e9l\u00e9gante \u00e0 ce bmx.<\/p>\n","protected":false},"featured_media":6984,"comment_status":"open","ping_status":"closed","template":"","meta":[],"product_brand":[],"product_cat":[75],"product_tag":[],"class_list":{"0":"post-6989","1":"product","2":"type-product","3":"status-publish","4":"has-post-thumbnail","6":"product_cat-bmx","8":"first","9":"outofstock","10":"taxable","11":"shipping-taxable","12":"product-type-simple"},"_links":{"self":[{"href":"https:\/\/dessinemoiunvelo.com\/index.php\/wp-json\/wp\/v2\/product\/6989","targetHints":{"allow":["GET"]}}],"collection":[{"href":"https:\/\/dessinemoiunvelo.com\/index.php\/wp-json\/wp\/v2\/product"}],"about":[{"href":"https:\/\/dessinemoiunvelo.com\/index.php\/wp-json\/wp\/v2\/types\/product"}],"replies":[{"embeddable":true,"href":"https:\/\/dessinemoiunvelo.com\/index.php\/wp-json\/wp\/v2\/comments?post=6989"}],"wp:featuredmedia":[{"embeddable":true,"href":"https:\/\/dessinemoiunvelo.com\/index.php\/wp-json\/wp\/v2\/media\/6984"}],"wp:attachment":[{"href":"https:\/\/dessinemoiunvelo.com\/index.php\/wp-json\/wp\/v2\/media?parent=6989"}],"wp:term":[{"taxonomy":"product_brand","embeddable":true,"href":"https:\/\/dessinemoiunvelo.com\/index.php\/wp-json\/wp\/v2\/product_brand?post=6989"},{"taxonomy":"product_cat","embeddable":true,"href":"https:\/\/dessinemoiunvelo.com\/index.php\/wp-json\/wp\/v2\/product_cat?post=6989"},{"taxonomy":"product_tag","embeddable":true,"href":"https:\/\/dessinemoiunvelo.com\/index.php\/wp-json\/wp\/v2\/product_tag?post=6989"}],"curies":[{"name":"wp","href":"https:\/\/api.w.org\/{rel}","templated":true}]}}