{"id":6922,"date":"2020-09-18T13:12:29","date_gmt":"2020-09-18T11:12:29","guid":{"rendered":"https:\/\/dessinemoiunvelo.com\/?post_type=product&#038;p=6922"},"modified":"2024-01-05T17:41:07","modified_gmt":"2024-01-05T16:41:07","slug":"peugeot-crosser","status":"publish","type":"product","link":"https:\/\/dessinemoiunvelo.com\/index.php\/produit\/peugeot-crosser\/","title":{"rendered":"Peugeot Crosser 80&rsquo;s"},"content":{"rendered":"<p>Potence ITM X-Line,<br \/>\nLeviers de freins type tech3 Lee Chi,<br \/>\nPoign\u00e9es type Mushroom rouge,<br \/>\nSelle Blanche s\u00e9rigraphi\u00e9 BMX, P\u00e9dales plates r\u00e9sine rouge&#8230;<\/p>\n","protected":false},"excerpt":{"rendered":"<p><strong>Bmx Peugeot type Crosser<\/strong><br \/>\nLes stickers au design embl\u00e9matique des ann\u00e9es 80 attireront les regards et la sympathie des plus jeunes comme des plus anciens !<\/p>\n","protected":false},"featured_media":6857,"comment_status":"open","ping_status":"closed","template":"","meta":[],"product_brand":[],"product_cat":[75],"product_tag":[],"class_list":{"0":"post-6922","1":"product","2":"type-product","3":"status-publish","4":"has-post-thumbnail","6":"product_cat-bmx","8":"first","9":"outofstock","10":"taxable","11":"shipping-taxable","12":"purchasable","13":"product-type-simple"},"_links":{"self":[{"href":"https:\/\/dessinemoiunvelo.com\/index.php\/wp-json\/wp\/v2\/product\/6922","targetHints":{"allow":["GET"]}}],"collection":[{"href":"https:\/\/dessinemoiunvelo.com\/index.php\/wp-json\/wp\/v2\/product"}],"about":[{"href":"https:\/\/dessinemoiunvelo.com\/index.php\/wp-json\/wp\/v2\/types\/product"}],"replies":[{"embeddable":true,"href":"https:\/\/dessinemoiunvelo.com\/index.php\/wp-json\/wp\/v2\/comments?post=6922"}],"wp:featuredmedia":[{"embeddable":true,"href":"https:\/\/dessinemoiunvelo.com\/index.php\/wp-json\/wp\/v2\/media\/6857"}],"wp:attachment":[{"href":"https:\/\/dessinemoiunvelo.com\/index.php\/wp-json\/wp\/v2\/media?parent=6922"}],"wp:term":[{"taxonomy":"product_brand","embeddable":true,"href":"https:\/\/dessinemoiunvelo.com\/index.php\/wp-json\/wp\/v2\/product_brand?post=6922"},{"taxonomy":"product_cat","embeddable":true,"href":"https:\/\/dessinemoiunvelo.com\/index.php\/wp-json\/wp\/v2\/product_cat?post=6922"},{"taxonomy":"product_tag","embeddable":true,"href":"https:\/\/dessinemoiunvelo.com\/index.php\/wp-json\/wp\/v2\/product_tag?post=6922"}],"curies":[{"name":"wp","href":"https:\/\/api.w.org\/{rel}","templated":true}]}}